1412*h**2 + 25*h + 22. Is x(-1) composite?
False
Suppose -4*g - 2962627 = -3*p, -1330*g = 4*p - 1324*g - 3950090. Is p a prime number?
True
Let q(t) = -28*t - 23. Let w(a) = -2*a**2 + 28*a + 25. Let c(o) = -5*q(o) - 4*w(o). Is c(-19) a composite number?
False
Suppose 88*i + 20 = 98*i. Is (-294950)/(-68) + i/(-4) a composite number?
False
Let d = 30740 + -557. Is d composite?
True
Let r(z) = -2*z**2 + 23*z + 42. Let b be r(13). Let p(i) = 685*i + 16. Is p(b) prime?
False
Suppose 345 = 10*p + 1265. Is (-8544)/(-128)*p/(-3) a prime number?
False
Let n = 6840 + -1769. Is n prime?
False
Let g = 973943 + 208098. Is g composite?
True
Let k = -967808 - -1422019. Is k prime?
True
Let p(w) = -524*w + 17. Let l be p(-18). Suppose -l = -4*u - 7*u. Is u composite?
False
Suppose -4*k + 12 = 0, 78 = 5*z + 6*k - 5*k. Let t be 5/(z/(-9)) + 2336. Suppose t = 8*q - 123. Is q prime?
True
Let q be (-10)/6*(-2262)/290. Let w(z) = 3436*z - 31. Is w(q) composite?
True
Suppose -2*f - 2*k + 1298718 = 0, -f - 2*k - 143755 + 793112 = 0. Is f a prime number?
True
Let y = 561823 - 342314. Is y a composite number?
True
Let g(p) = p**3 + 12*p**2 + 16*p - 19. Let y be g(-13). Let r be (-14)/(-1*(-8)/y). Suppose 3*i - 2087 = o, -8*i = -9*i + o + r. Is i prime?
False
Suppose 5*g + 15204 = -d + 48208, 4*g = 4*d - 131944. Is d composite?
True
Let v = -28594 - -59028. Is v composite?
True
Let v(b) = -498*b + 373. Is v(-9) a prime number?
False
Is (-1166365)/(-30) + 8 + 94/(-12) a composite number?
True
Let p be ((-20682)/162)/(1/21). Is p/(-7)*7/1 composite?
True
Suppose -2*c - 6 = d, -2*c + 1 = 5*d - 1. Let l be c/14 - 32/(-14). Is (249/12)/((-1)/(-184)*l) composite?
True
Let v = -116580 + 249893. Is v prime?
False
Is ((-5)/(-15))/((-27)/(-983583)) a composite number?
False
Let z = -187 + 192. Suppose 1247 = -z*c + 8242. Is c composite?
False
Let n(y) = 2*y + 4. Let b = -63 - -62. Let s be n(b). Suppose 20 + 961 = s*r + m, 4*r = m + 1977. Is r a composite number?
True
Let z(q) = 203*q**3 + 2*q**2 + 5*q - 5. Is z(2) a prime number?
True
Suppose 320*a - 156*a - 146487342 = -262*a. Is a composite?
True
Let y(u) = -774*u + 1885. Is y(-33) a prime number?
True
Suppose 2*b - 436188 + 74066 = -2*p, 2*p + 5*b - 362134 = 0. Is p a composite number?
True
Let q = -99 - -175. Suppose -m = -2*x - 2, 5*m = -x + 3*m - 11. Is 2 - (-2 - x - q) a composite number?
True
Let a(c) = 9 + 215*c + 4*c + 13 - 38. Is a(2) a composite number?
True
Let k = 10 + -4. Suppose -k*m + 16 = -2*m. Suppose -m*y - 1855 = -7731. Is y a composite number?
True
Suppose 2*g - 776034 = 3*d, -3*d + 553 = 541. Is g composite?
True
Suppose i - 1514 = 2589. Let y = 6460 - i. Is y a composite number?
False
Suppose 3*o = -15, 2*y = 24*o - 20*o + 31992. Is y a composite number?
True
Suppose -g + z + 970244 = 0, -25*z - 35 = -20*z. Is g composite?
False
Suppose -65 = 4*d + 67. Let g = d + 38. Suppose 120 = -g*u + 365. Is u composite?
True
Suppose 274*c = 290*c - 90128. Is c prime?
False
Let k = 13 + 24. Let r = 54 - k. Let h = 1464 + r. Is h a composite number?
False
Let y be (7 + -1)/(6/4) - 0. Suppose y*a = 5*d + 6243 + 16122, d = 5*a - 27930. Is a prime?
False
Is (43982/4)/(1848/(-48) + 39) a prime number?
True
Suppose -2 = -3*o + 16. Let x(g) = 3*g**2 - 2*g + 8. Let b be x(o). Suppose -j = -b - 97. Is j composite?
True
Let c(w) = -w**3 + w**2 - 1. Let z(o) = -o**3 - 8*o**2 - 12*o + 23. Let p(k) = -2*c(k) + z(k). Let s be p(10). Let j = s + 430. Is j composite?
True
Let x(c) = c**2 + 24*c + 108. Let r be x(-6). Suppose -3*i + r*m = m - 19640, -2*i + 13098 = -4*m. Is i a composite number?
False
Let t(d) = -507*d - 16. Let s(o) = -o**2 + 8*o - 11. Let r be s(3). Suppose 4*v - 2*b - r = -14, 2*b - 8 = 3*v. Is t(v) a prime number?
False
Suppose 0 = 3*r - 2*o - 2437 - 715, -5224 = -5*r - 4*o. Let w = -3320 + 3337. Suppose w*j - r + 181 = 0. Is j a prime number?
False
Let i = 7 + -6. Let g(s) = 3*s**3 - 6*s + 5. Let a be g(i). Suppose -a*y = 4*y - 1842. Is y composite?
False
Let g(f) = -117*f**2 - 6*f - 12. Let w be g(-5). Let t = -1408 - w. Is t composite?
False
Let d(i) = i**2 + 7*i + 4. Let v be d(13). Suppose 5*q + v = 11*q. Suppose -4*m = 5*g - q, -g + 16 = 4*m - 3*g. Is m prime?
False
Is (-14455)/(-112) + 4/(-64) a prime number?
False
Let f = 5575 + -792. Let s = -21283 - -30235. Let o = s - f. Is o a composite number?
True
Let i = -2844 - -4806. Let g(u) = 546*u - 79. Let s be g(-2). Let l = s + i. Is l composite?
True
Let x be 32/2 + 54/(-9). Is 15926/(((-40)/x)/(-1*2)) a prime number?
True
Suppose 2*s - 112 = -2*b, -4*b = s - 10 - 34. Let j be (s/(-70))/(1/(-12607)). Suppose -4*x + j = 2*x. Is x a composite number?
False
Let j be 14/(-8) - 29/116. Is j/(-9) + -124707*8/(-216) a prime number?
False
Let j(q) = 473106*q + 641. Is j(1) a prime number?
False
Let g(h) = h**2 + 2*h + 1. Let q be g(2). Let c(f) = -f + 11. Let m be c(q). Suppose -6*k + m*k = -1972. Is k prime?
False
Let w(p) = -240*p + 27. Let b be w(-5). Suppose -5*y + 5*q + b + 2188 = 0, 4*y = 3*q + 2730. Is y prime?
False
Let q = 3480 + -3472. Suppose 5*n - 5*g = 29300, -2*g + 11705 = 2*n - g. Suppose -l = -3*i + 4396, 4*i + q*l = 3*l + n. Is i prime?
False
Let w(s) = -4*s**3 + s**2 + 5*s + 26. Let o(g) = -13 + 712*g**2 - 2*g - 712*g**2 + 0*g**3 + 2*g**3. Let j(v) = -7*o(v) - 4*w(v). Is j(6) a prime number?
True
Let w be (-1)/(-2)*(6 - 0). Suppose 5162 = w*c + 5*m - m, 2*c - 3448 = -m. Let b = -1095 + c. Is b composite?
False
Suppose 13297 = 6*r - 55841. Let d = r + 332. Is d composite?
True
Let u(w) = -138*w + 82. Let c be u(-9). Suppose -5*p - 5*q = -c - 4921, -5032 = -4*p + 5*q. Is p composite?
True
Suppose -5*o - 35 = 5*r, 4*r - 67 + 7 = 4*o. Let j(l) = 41*l**2 + 6*l - 34. Is j(o) a composite number?
False
Let f = 27119 + -13228. Is f prime?
False
Suppose d - 1568 = -d. Let l(b) = -52*b - 208. Let c be l(-4). Suppose -5*a + 19079 - d = c. Is a composite?
False
Suppose 0 = 5*z - 3*c - 33, -2*c = -2*z - 5*c + 9. Let o be z/(-3) + (-1 - -3). Suppose 11*d + o*d = 902. Is d a prime number?
False
Suppose -4*i - 1051566 = -11*a + 9*a, -1314465 = 5*i - a. Let d = i + 374454. Is ((-1)/2)/((-20)/d) composite?
False
Suppose 2*j = 2485 + 1359. Suppose 0 = 3*m + j - 16379. Is m prime?
False
Let k be 8/(-5)*(-40)/16. Let p(m) = 131*m - 10. Let u be p(k). Let d = -207 + u. Is d a prime number?
True
Let l(k) be the second derivative of k**4/12 + 5*k**3/3 + k**2 + 10*k. Let v be l(-10). Is 2194/8 - (-2)/(-16)*v a composite number?
True
Suppose -3*c + 2 + 2 = 4*u, -4*u + 4 = 4*c. Suppose c = -7*y + 8*y - 1. Is (y - -390)*(21 - 20) composite?
True
Let u(r) = 7219*r - 1035. Is u(4) a prime number?
False
Let u(w) = 471*w**2 - 36*w + 109. Is u(4) composite?
True
Suppose j + 1096 = -4*j - 3*r, 0 = -4*r + 12. Is -6 + (-3 - -11) - j prime?
True
Suppose 6*h - 20 = 2*h. Suppose -4*g = h*g - 54. Is 892/g + (70/(-15) - -5) a composite number?
False
Let r = 708 - 717. Let m(n) = 32*n - 13. Let h(z) = 63*z - 26. Let s(x) = 2*h(x) - 5*m(x). Is s(r) a composite number?
True
Let p(h) = -7*h - 11*h**2 + 8 + 4*h**3 + 10*h**2 - 1. Let l be p(5). Let y = 670 - l. Is y prime?
True
Let s = 22797 - 9640. Is s prime?
False
Let r = 810 - 204. Suppose -33*n = -30*n - r. Is n a prime number?
False
Suppose 4330 = 6*o - 8360. Let i = o - 1412. Is i a composite number?
True
Suppose 44*k + 1238045 - 3524417 = 0. Is k composite?
True
Let u(g) = 10821*g**2 - 344*g - 3918. Is u(-11) a prime number?
True
Let z(h) = 1 - 32*h**2 + 44*h**2 + 11*h + 14*h**2. Is z(-6) prime?
False
Let y(b) = b**3 + 3*b**2 + b + 3. Suppose -c - 3 = -o, -3*c = 7*o - 5*o + 9. Let s be y(c). Suppose n + 3*f = 304 + 478, n + 5*f - 780 = s. Is n a prime number?
False
Let y = -121242 - -289743. Is y composite?
True
Let s(d) = -d**3 + 3*d**2 + 11*d + 6. Let w(c) = -c**3 + 3*c**2 + c + 2. Let r be w(3). Let y be s(r). Suppose y*j - 5*j - 492 = 0. Is j prime?
False
Let o be -4 + (1075 - 8/2). Let a = o + -376. Is a a composite number?
False
Suppose -40*x + 45*x = 23870. Let q = 8348 - x. Is q composite?
True
Suppose 18*k + 28 = 11*k. Is (-13 - 0)*(k + 3)*3 composite?
True
Suppose -60 = -4*g + o, -56 = -3*g - g + 2*o. Suppose b + g = 5*b. Suppose -3*p - b*y - 2239 + 6666 = 0, p - 1469 = -3*y. Is p prime?
True
Let l = 116 - 66. Let g = -54